8443b (base 12) in base 10?
-173423
Convert 301031311 (base 4) to base 9.
336467
36aa7 (base 14) to base 7
1065100
Convert -1023332221 (base 4) to base 2.
-1001011111110101001
16166 (base 10) to base 15
4bcb
Convert 2b5324 (base 12) to base 3.
1101100001001
What is -62b05 (base 13) in base 7?
-1336566
What is 2113222204 (base 5) in base 6?
234535435
What is -14331 (base 16) in base 8?
-241461
300232211 (base 4) to base 9
333705
What is -1377a42 (base 13) in base 12?
-208b60a
What is bd0d9 (base 14) in base 12?
1a1373
1011010000111100 (base 2) to base 14
12b5a
16a37a (base 13) to base 5
121041422
-953f (base 16) to base 4
-21110333
-120210001202221 (base 3) to base 13
-19781a4
2a7381 (base 15) to base 7
23263663
1164754 (base 8) to base 5
40301103
-24140233 (base 6) to base 16
-b96fd
Convert -11100110101011000110 (base 2) to base 6.
-32130130
What is -1654448 (base 9) in base 14?
-19dd28
What is a7ae2 (base 16) in base 13?
1b0802
-4dbc88 (base 16) to base 5
-2301011121
What is -2e1d9 (base 15) in base 3?
-21120021220
What is -5142700 (base 8) in base 9?
-2504364
-2a42d (base 16) to base 13
-60a36
Convert -2d768 (base 14) to base 9.
-183301
What is -677232 (base 12) in base 4?
-12102332012
257601a (base 12) to base 15
9a92ea
What is 111222222221 (base 3) in base 5?
32304220
1753588 (base 11) to base 13
802c3c
-11013023 (base 4) to base 10
-20939
What is -40488a (base 12) in base 10?
-1003498
Convert acba54 (base 13) to base 4.
33210132310
What is 1358138 (base 11) in base 15?
312e54
30121242 (base 5) to base 15
4abec
What is -cb74b6 (base 13) in base 8?
-22203343
Convert 15155462 (base 9) to base 13.
173b205
Convert 636881 (base 16) to base 10.
6514817
What is 20000001100 (base 3) in base 10?
118134
What is -532444 (base 8) in base 2?
-101011010100100100
Convert 2201102121 (base 3) to base 9.
81377
24b99 (base 16) to base 12
73075
Convert -130ae (base 16) to base 6.
-1401034
What is 1100332030 (base 4) in base 13?
b7c64
-145dc90 (base 14) to base 6
-552232314
Convert 1db01 (base 14) to base 5.
4414440
Convert 31523 (base 9) to base 10.
20838
12111120002102 (base 3) to base 7
33566012
2120103103 (base 4) to base 2
10011000010011010011
Convert 603440 (base 8) to base 9.
332170
Convert 3971027 (base 11) to base 15.
909e5e
232213212 (base 4) to base 3
100200221020
Convert 122440413 (base 6) to base 7.
26065260
What is 1031202 (base 10) in base 5?
230444302
Convert 10111100101000001 (base 2) to base 13.
34c60
-119a951 (base 14) to base 12
-29b1777
Convert 3410755 (base 8) to base 16.
e11ed
Convert 11a86 (base 14) to base 8.
124346
-2679839 (base 11) to base 5
-2140444104
Convert 176a5 (base 11) to base 5.
1243144
What is -45333473 (base 8) in base 5?
-10002434041
Convert 4500022 (base 6) to base 7.
1626326
Convert -9b0985 (base 16) to base 14.
-14c6b53
What is -44440040 (base 5) in base 11?
-247034
3341163 (base 7) to base 3
210000002110
What is -14777 (base 11) in base 9?
-31587
-483484 (base 16) to base 6
-245231324
Convert -d516b (base 14) to base 13.
-14c8ca
-22303102103 (base 4) to base 14
-539c67
2102001031 (base 4) to base 14
117d6d
-370419 (base 10) to base 11
-233335
-6946752 (base 10) to base 6
-404520520
Convert 210333103 (base 4) to base 5.
14322012
-1bff6b (base 16) to base 2
-110111111111101101011
-3802 (base 14) to base 10
-9802
What is -111100101110100001001 (base 2) in base 16?
-1e5d09
-8712a (base 16) to base 3
-1001002221001
Convert -2a104b6 (base 12) to base 5.
-4132403423
20554631 (base 8) to base 6
233522441
-75597 (base 11) to base 3
-12120200122
40040141 (base 5) to base 6
10430314
-2124122 (base 5) to base 2
-1000110101000010
-1e287 (base 16) to base 7
-1023065
What is 1101000011011010 (base 2) in base 11?
37196
3031030332 (base 4) to base 9
1520860
1261622 (base 8) to base 4
1112032102
30103232022 (base 4) to base 16
313b8a
Convert -8019709 (base 10) to base 6.
-443520141
-149965 (base 16) to base 2
-101001001100101100101
-1121011020000 (base 3) to base 7
-10135344
Convert 4732501 (base 10) to base 16.
483655
What is -436435 (base 7) in base 5?
-4423321
-20010012010001 (base 3) to base 13
-89ac25
100100011111111111110 (base 2) to base 9
2222572
-1022302021100 (base 4) to base 2
-1001010110010001001010000
-542006 (base 10) to base 11
-340243
Convert -107642 (base 11) to base 7.
-1311644
1116316 (base 7) to base 14
3897d
23244224 (base 5) to base 16
33dd7
Convert -22211321203 (base 4) to base 3.
-12020001212211
Convert 14144301 (base 5) to base 11.
a0349
What is 1341415 (base 6) in base 11?
51832
What is 262b5 (base 13) in base 12?
34b72
What is -21521642 (base 7) in base 2?
-111000100101100011111
What is -1003410321 (base 5) in base 7?
-23053264
What is -737487 (base 9) in base 13?
-1247b3
What is 123050a (base 13) in base 4?
111210311331
Convert -2100122101200 (base 3) to base 16.
-131d66
What is -100001010101001100 (base 2) in base 3?
-20221021110
What is 836cb5 (base 15) in base 14?
b899a3
Convert 3615b3 (base 13) to base 8.
4724361
What is -11100101101110110001 (base 2) in base 16?
-e5bb1
1302951 (base 10) to base 12
52a033
-1000110111100101111101 (base 2) to base 6
-121455125
Convert -107b11 (base 15) to base 8.
-2776123
Convert -20054 (base 10) to base 13.
-9188
-bda0 (base 14) to base 13
-11c68
What is a1890 (base 14) in base 15?
7a218
What is 121230002 (base 4) in base 13?
38b79
100310323 (base 4) to base 5
4201143
What is -1a5179d (base 14) in base 16?
-c7f3ef
What is -21225 (base 12) in base 7?
-240605
What is -2757910 (base 10) in base 13?
-7573cc
What is 110010100000001 (base 2) in base 6?
315413
Convert 1103432004 (base 5) to base 4.
21023032012
3651338 (base 9) to base 8
7437735
Convert -4024022332 (base 5) to base 10.
-8032842
Convert 22211001211 (base 3) to base 8.
522757
Convert -1111010100100010001 (base 2) to base 14.
-d0d57
-120951 (base 10) to base 2
-11101100001110111
2b82c (base 13) to base 5
10121204
What is -32130150 (base 6) in base 8?
-3465322
12010002211222 (base 3) to base 9
5102758
What is 10211222301 (base 5) in base 15?
e0516b
Convert -435ce9 (base 15) to base 7.
-36164115
1894ec (base 16) to base 3
10000211212020
What is 542530 (base 8) in base 5?
21302332
What is -4c4330 (base 13) in base 6?
-103213422
Convert 483327 (base 9) to base 8.
1070503
What is 110010000000101101 (base 2) in base 6?
4220205
-52645305 (base 7) to base 16
-4422ae
What is 100f15 (base 16) in base 11?
659791
32201 (base 6) to base 8
10451
What is -53a9 (base 13) in base 11?
-8814
Convert 3343525 (base 7) to base 11.
263275
What is 105045 (base 7) in base 11?
12a39
2b7c0 (base 13) to base 8
241304
Convert 2221011112221 (base 3) to base 14.
2c7c56
What is 1733362 (base 9) in base 11?
600539
Convert -21202133120 (base 4) to base 9.
-4631118
What is 5103160 (base 9) in base 3?
12010010012000
What is -35b10 (base 13) in base 7?
-560201
24529 (base 13) to base 3
10101121201
Convert 147c57 (base 13) to base 4.
1322303220
Convert 26605b (base 12) to base 14.
12671d
What is -1000010000 (base 2) in base 3?
-201120
What is 21023223310 (base 4) in base 8?
11135364
What is 11200321223 (base 4) in base 7?
15200144
-7bab2b (base 12) to base 8
-7454323
Convert -1340344 (base 5) to base 12.
-13b7b
22520 (base 6) to base 12
1a40
Convert -230203111 (base 4) to base 11.
-115116
What is -319dc (base 16) in base 11?
-129763
Convert 20351253 (base 7) to base 4.
12201132213
What is -13032103 (base 4) in base 6?
-344551
Convert -78e148 (base 15) to base 16.
-5803e8
210011 (base 9) to base 14
3360d
Convert -1ef5c (base 16) to base 15.
-27892
Convert 701186 (base 9) to base 4.
1211020113
What is -110a72 (base 11) in base 7?
-1334660
Convert -2be14 (base 16) to base 3.
-100010112202
What is -111997 (base 12) in base 4?
-1002211003
Convert 936a2 (base 12) to base 15.
3c1ce
What is -256486 (base 9) in base 11?
-a6a67
Convert -387956 (base 10) to base 6.
-12152032
-43b8a (base 15) to base 10
-215230
What is 747740 (base 8) in base 11?
160773
Convert -1b9cc0 (base 13) to base 14.
-145b41
Convert -11144747 (base 8) to base 9.
-4474220
Convert -32202112232 (base 4) to base 7.
-44251004
-111000110120 (base 3) to base 10
-256218
What is a0686 (base 16) in base 9?
1211243
-b681db (base 15) to base 6
-510045042
Convert 3334341 (base 5) to base 14.
17585
